*d = -6*t + t + 10, 4*t = -d + 2. What is the units digit of n(d)?
1
Let g(b) = -25*b + 1. Let f be g(1). What is the tens digit of f/16*(-34)/3?
1
Let s = -81 - -178. What is the tens digit of s?
9
Let y(n) = n**3 + 9*n**2 - n - 8. Let h be y(-9). Suppose h = -r + 47. What is the tens digit of r?
4
Let p(s) = -5*s + 4. Let a be (-6)/(-5)*(-40)/12. What is the units digit of p(a)?
4
Suppose 0*s + 2*s + 3*g - 16 = 0, 0 = 5*s + 5*g - 30. Suppose v + 10 = s*v. What is the units digit of v?
0
Let o = 362 - 152. What is the units digit of o?
0
Let r(u) = 66*u**2 - u. What is the units digit of r(1)?
5
Let t be -2 - (3 - 4 - 1). What is the tens digit of t - (-51)/(4 - 3)?
5
Suppose 13*t = -7*t + 2780. What is the hundreds digit of t?
1
Let p(d) = 2*d**2 + 3*d + 2. Let y be p(-2). Suppose 0 = -5*m + 12*m - 35. Let l = y + m. What is the units digit of l?
9
Suppose 5*i + 5*p - 20 = 0, -4*i + i - 3 = -2*p. Suppose 2 = k + i. What is the units digit of k?
1
Let k(f) = f + 5. Let v be k(7). Suppose 0 = a - v. What is the units digit of a?
2
Let s(z) = -2*z - 9. Let k be s(-6). Suppose 7 = k*y - 2. What is the units digit of y?
3
Suppose 0 = 2*d + 3*d + 10, -3*d = -y + 60. What is the units digit of y?
4
Let j = 15 + 18. What is the units digit of j?
3
What is the tens digit of (-1 - (-11)/(-2))*-6?
3
Let b(s) = s - 102. Let m be b(0). Let i be (-1)/(-4) + m/24. Let d = 4 - i. What is the units digit of d?
8
Let g(o) = 9*o**2 + 4*o + 3*o**3 + 1 - 3*o**2 - 2*o**3. Suppose -3*h = 13 + 2. What is the units digit of g(h)?
6
Suppose -3*q + 227 = z, -2*q = z - 124 - 27. What is the tens digit of q?
7
Let q(i) = i**2 + 9*i + 1. Let o be q(-9). Let w be 1 + o + (6 - 6). Let m(g) = -g**3 + 3*g**2 - 3*g + 3. What is the units digit of m(w)?
1
Let f be (3/6)/(5/20). What is the units digit of ((-188)/12)/(f/(-6))?
7
Let s(b) = -b**3 - 3*b**2 - b + 2. Let m be s(-3). Suppose x + m*a - 29 = a, -2*a = -5*x + 123. What is the units digit of x?
5
Suppose -3*j - n = -157, 4*j + 4*n = 210 - 6. Let u = j + -32. What is the tens digit of u?
2
Suppose -2*r + 52 = -3*s - 31, -2*r - 4*s = -118. Suppose 2*b - r = 17. What is the units digit of b?
3
Let s(n) = 4 + n**2 - 1 - 6*n + 1. Let w be s(6). Suppose 11 + 45 = 4*c - 2*h, 4*h = -w*c + 80. What is the units digit of c?
6
Suppose 6*j - 16 = 2*j. Suppose -n = m - j, -n + 2 = -m + 3*m. Let k(u) = u**3 - 7*u**2 + 6*u + 2. What is the units digit of k(n)?
2
Suppose -2 = i + 3*h, -3*h + h = -2*i + 4. Let u = 4 - i. Let s(z) = 2*z**2 - 3*z - 1. What is the units digit of s(u)?
8
What is the units digit of ((-5 - -2) + 20)/1?
7
Suppose -4*x - 12 = -r - 50, -2*r = -4*x + 36. Suppose -2*o - 10 = -w, x = -0*w + 4*w - 2*o. Suppose w = -2*p - 0*p + 20. What is the units digit of p?
0
Let k be (0 + 2)/((-8)/(-236)). Suppose 29 = -0*c + 2*c + 5*w, -5*w = -2*c + k. What is the units digit of c?
2
Let q be (25/15)/((-2)/6). Let o(a) = -a**2 - 10*a. What is the tens digit of o(q)?
2
Suppose l + 1 = 4. Suppose 20 = 4*m, 37 = 4*g + l*m + 2*m. Let z = g + 5. What is the units digit of z?
8
Let v(i) = i**2 + 3*i - 2. Suppose -2*b - 17 = 5*a, a + 23 = 4*b + 2. What is the units digit of v(a)?
8
Suppose 2*g - 263 - 145 = 0. What is the tens digit of g?
0
Let j(y) = y**3 + 3*y**2. Let v be j(-2). Suppose v*b = 4*s + s - 51, -3*s + 13 = 2*b. What is the units digit of s?
7
Suppose -4*c = l - 486, -28 - 454 = -4*c + l. What is the tens digit of c?
2
What is the tens digit of (-245)/(-2) + -2*9/12?
2
Suppose -4*f + 22 = 3*g, 2*g + 4*f = 5*g - 14. Let n = g - 5. What is the units digit of 1/n*(3 + 1)?
4
Let i = 22 + 17. Let u be 6/(-4 - -1) + i. Suppose -u = -4*t - 3*q, 0 = 4*t - 4*q - 0*q - 16. What is the units digit of t?
7
Let c be (0 + 0)*1/2. Let f be (8 + c)*(1 - 2). Let i(b) = -b + 11. What is the tens digit of i(f)?
1
What is the tens digit of 4/10 + (-3402)/(-70)?
4
Let q(k) = k**3 - 4*k**2 - 7*k - 8. Let d be q(6). Let l = -5 + d. What is the units digit of l?
7
Let z(u) = -10*u - 31. What is the tens digit of z(-19)?
5
Let f be (-10)/(-6) - (-1)/3. Suppose -3*d + f*t = -31, 3*t + 48 - 19 = 2*d. What is the units digit of d?
7
Suppose 3*t + 211 = g, -2*t = 4*g + g - 970. What is the hundreds digit of g?
1
Suppose -3*t - 1 - 144 = -5*q, 0 = -4*t. What is the units digit of q?
9
Suppose -4 = 2*a - a. Let k(q) = 2*q**2 - 5. What is the tens digit of k(a)?
2
Let y = 4 + 1. Suppose 10*w + 2*c = y*w + 20, -25 = 5*c. What is the units digit of (4/w + -2)*-3?
4
Let r(u) = -26*u + 9. What is the hundreds digit of r(-4)?
1
Let l be -1*(-2)/(0 + 1). Suppose 0*p - 2*p = -l. Let m = 0 + p. What is the units digit of m?
1
Let k = -1 + -4. Let n = k + 10. What is the units digit of n?
5
Let x = 51 - 28. What is the tens digit of x?
2
Let v be -5*1/5*-6. Let d = -8 + 32. Suppose -3*g + v*g = d. What is the units digit of g?
8
Let h(s) be the first derivative of -9*s + 1 - 1/3*s**3 - 5*s**2. What is the units digit of h(-8)?
7
Suppose -14*t = -9*t - 1590. What is the hundreds digit of t?
3
Suppose y - 18 = -4*b, -4*b - y = 2*y - 22. Suppose -t = -b + 11. Let d = 13 + t. What is the units digit of d?
6
Let s(p) = -2*p**2 - 6*p + 18. Let f(n) = n**2 + 3*n - 9. Let z(m) = -5*f(m) - 3*s(m). What is the tens digit of z(-8)?
3
Let b(z) = -z**2 - 9*z - 4. Let x(d) = d**3 - 9*d**2 - d + 5. Let c be x(9). Let w = -12 - c. What is the units digit of b(w)?
4
Suppose -l - v + 45 = -6*v, 0 = 5*l - 5*v - 225. Suppose -l = -4*j + 5*m, -m - m - 25 = -3*j. What is the units digit of j?
5
Suppose 10 = 2*v + 4. Suppose -v*z = z - 56. What is the units digit of z?
4
Let k = -3 + 1. What is the units digit of (-16)/k*(-2 - -3)?
8
Let b be (-24)/6*1*4. What is the tens digit of 320/18 - b/72?
1
Let n(g) = -g + 2. Let v be n(-9). Let a = v + 31. What is the units digit of a?
2
Suppose y + 6 = 9. Suppose 104 = r + y*r. What is the units digit of r?
6
Suppose 3*x = -2*l - 7, -3*l + 0*x = -2*x - 22. Suppose 25 = -l*n + 81. What is the units digit of n?
4
Let k = 8 - 6. Suppose 0 = k*o - 10 - 0. Let z(g) = -g**2 + 7*g - 7. What is the units digit of z(o)?
3
Suppose 144 = z + 2*o + 2*o, -o = -5*z + 678. What is the hundreds digit of z?
1
Let y(u) = 2*u**2 - 2*u - 2. Let h be y(-3). Suppose -x = -8 - h. What is the tens digit of x?
3
Suppose -m - 5*q - 187 = -3*m, 434 = 4*m + 2*q. What is the hundreds digit of m?
1
Suppose -4*a + 8 = -2*h, -5*h + h + 2 = -2*a. Let y = 9 + 3. Suppose -5*t + h*t = -y. What is the units digit of t?
4
Let u(n) = -n. Suppose s = 5*h + 14, 2 + 0 = -5*s + h. What is the units digit of u(s)?
1
Let a be 6/(-15) - (-44)/10. Suppose -3*f = -a*f + 11. What is the units digit of f?
1
Let r(h) be the first derivative of -h**4/4 + 7*h**3/3 - 3*h**2/2 + h + 4. What is the units digit of r(6)?
9
Let o(q) = -2*q**3 - 3*q**2. Let r be o(-2). Suppose 5*g - 137 + 12 = 0. Suppose r*t = -t + g. What is the units digit of t?
5
Let z(y) = y**3 - 9*y**2 - 10*y. Suppose -5*u + 40 = -10. Let t be z(u). Suppose o - 18 = -t*o. What is the units digit of o?
8
Let d(j) = 39*j**2 - 2*j - 1. Let v be d(-1). Suppose -2*f = 3*y - 26, -4*f + v = 7*y - 2*y. What is the units digit of y?
2
Suppose -6*a + 2*g + 163 = -3*a, 4*g - 151 = -3*a. What is the units digit of a?
3
Let n = -6 - -6. Let b(k) = -k**3 + k**2 - 39. Let t be b(n). Let d = 59 + t. What is the tens digit of d?
2
Suppose 5*k - 5 = v + 6, v = k + 1. Let r = 11 + k. What is the units digit of r?
4
Suppose 5*j - 10 = 0, 4*h + 3*j = 3*h + 55. Suppose h = 4*g - 47. Suppose 0 = 3*r - g + 3. What is the units digit of r?
7
Let b(t) = 4*t**2 - 2*t + 1. Let n be b(1). Suppose n*h + 187 = 5*m, 4*m + 4*h = 3*m + 19. What is the units digit of m?
5
Let q be (-10)/(-6) + (-2)/(-6). Let b be q - 0 - (2 + -5). Suppose -b*d = -8 - 27. What is the units digit of d?
7
Let n = 1 + 0. Suppose 9 - n = 2*t. What is the units digit of t?
4
Let x(p) be the second derivative of -11*p**3/6 - p**2/2 + p. What is the units digit of x(-2)?
1
Let v(r) = -3*r + 5 + 0*r + 2*r. Let j be v(5). What is the units digit of (j - -3)/((-3)/(-10))?
0
Suppose -2*l = -3*l + 1. What is the units digit of l?
1
Let v(h) = -h**2 + h + 25. What is the tens digit of v(0)?
2
Let r(k) = 6*k**2 - 8*k - 24. What is the units digit of r(7)?
4
What is the units digit of ((-12